 (2 + -4)/((-2)/n)?
6
What is the hundreds digit of -1*((4 - 0) + -3) - -1131?
1
Suppose -5*y - j + 5460 = -0*j, -4*y - j = -4368. What is the hundreds digit of y?
0
Let s = 4 + 15. Suppose -5*m = -2*k + k - s, -2*k = -2*m + 6. Suppose 13 = m*a - 111. What is the tens digit of a?
3
What is the tens digit of 792 + (70/40 - (-6)/(-8))?
9
What is the tens digit of -1 + (-28)/(-35) + (-3412)/(-10)?
4
Suppose j - 2 = 8. Suppose -18 + j = -4*o. What is the units digit of o?
2
Suppose -i = 10 - 6. What is the units digit of (-4 + i)/2 - -280?
6
Suppose 0 = -6*t - 10 + 4. What is the units digit of (12/30)/(t/(-35))?
4
Suppose -7*d = -192 + 129. What is the units digit of d?
9
Let a(l) be the first derivative of -l**4/4 + 14*l**3/3 - 7*l**2/2 + 5*l - 11. What is the hundreds digit of a(4)?
1
Let u = 41 - 202. Let z = u + 298. What is the hundreds digit of z?
1
Let d = 37 - 34. Suppose -2*o + 64 = 2*k - 8, d*o - 140 = -4*k. What is the units digit of k?
2
Suppose 3*j + 5*c - 1392 = 0, 2*j + 2*j - 1856 = -2*c. What is the units digit of j?
4
Let d(v) = 2*v**3 + 5*v**2 - 6*v - 6. Let q be d(-5). Let f = q + 206. What is the units digit of f?
5
Let o = 4 - 9. Let b(i) = -i**2 - 9*i - 7. Let g be b(o). Suppose 0 = r - 9 - g. What is the units digit of r?
2
Let l(t) be the first derivative of -3*t**4/2 - 2*t**3/3 - t**2/2 + t - 17. What is the units digit of l(-1)?
6
Suppose -591 + 3791 = 8*c. What is the tens digit of c?
0
Let u = -42 + 43. What is the tens digit of (-48)/18*-66 + (-3)/u?
7
Suppose 0*z + z + 169 = 0. Let v be (-4)/(-26) - 819/z. Suppose v*x = 4*x + 3. What is the units digit of x?
3
Let z(m) = 5*m**3 + 3*m**2 - 3*m + 1. Let s be z(-3). Let w(r) = -11*r**2 - 4. Let y be w(-2). Let h = y - s. What is the tens digit of h?
5
Suppose 4*k = -a + 133, 4*a + 5*k = 2*k + 506. Let q = a - 66. What is the tens digit of q?
5
Let z = 29 - 6. Let g(u) = -17 + z*u - 9*u - 8*u. What is the tens digit of g(8)?
3
Let a(r) = 9*r**2 + r + 2. Let l be a(-1). Suppose 3*b = b - l. Let z(k) = -4*k - 7. What is the units digit of z(b)?
3
Suppose 0 = -2*d + 95 - 13. Suppose d = u - 21. What is the tens digit of u?
6
Let c(b) = 0*b**2 + b**2 + b**2 - 3 + 6*b + 11. Let q be c(-4). Let t = -4 + q. What is the tens digit of t?
1
Suppose 3*b = -5*q + 20, -3*b + q + 10 = -4*q. Suppose 0 = -3*l - 0*l - 6, 4*y - 302 = b*l. What is the units digit of y?
3
Suppose f - 2297 = -m, -4*f = -142*m + 137*m - 9188. What is the units digit of f?
7
Let d = 23 - -24. Suppose 0*g - 4*a + 148 = 2*g, 4*g + 2*a - 320 = 0. Let o = g - d. What is the tens digit of o?
3
Let z(l) = -43*l - 96. What is the units digit of z(-13)?
3
Suppose 2*j - 1754 = -3*q, 2*j + 4*q + q = 1758. What is the units digit of j?
4
Let m(b) = b**3 + 17*b**2 - 20*b - 56. What is the hundreds digit of m(-17)?
2
Suppose -6*w - 7 = -7*w. Suppose -w*q + 10*q = 117. What is the tens digit of q?
3
Let z(k) = k**2 + 3*k - 6. Let c be z(-6). Let v be (-36)/16 - (-2 - 33/(-12)). What is the units digit of (-4 - -57) + c/v?
9
Let c(t) = t + 2. Let y be 6/14 + (-24)/(-42). Let o(u) = u - 1. Let f(b) = y*o(b) + c(b). What is the units digit of f(3)?
7
Suppose 4*i + v = 2*v + 49, 4*i = -4*v + 44. Suppose -i = -a + 42. What is the units digit of a?
4
Let o = 273 - 87. What is the units digit of o?
6
Let o(g) = g**3 - 3*g**2 - 2*g - 5. Let f be o(4). Suppose 4*a - f*a - 2 = 0. Let z = 14 - a. What is the tens digit of z?
1
Let c(u) = u - 9. Let m be c(11). Suppose 5*y - m = -7. Let l(k) = -32*k - 2. What is the tens digit of l(y)?
3
Let p(x) = -9 + 4*x + 43*x**2 - 44*x**2 + 31. What is the tens digit of p(5)?
1
Suppose 4*i - 8 = 0, 3*m + 3*i = 8*i - 10. Suppose 0 = -3*t - m + 96. Let a = 0 + t. What is the units digit of a?
2
Let x = -8 + 4. Let c = 21 + x. Let f = c + 12. What is the tens digit of f?
2
Let d(n) = -2*n**2 - 6*n + 14. Let j be d(-5). What is the units digit of j/(-8) - 2/(-8)?
1
What is the tens digit of (455/140)/(3/156)?
6
Let d(q) = -q**2 - 24*q - 48. Let f be d(-22). Let y(g) = -3*g**3 - 2*g**2 - 4*g - 6. What is the units digit of y(f)?
0
Let i be 12 + 2 + 0 + 0. Suppose -5*z - 16 - i = 0. What is the units digit of (-2)/(-4) - z/4?
2
Suppose 4028 + 4868 = 8*l. What is the units digit of l?
2
Suppose 0 = -4*f + 63 - 83, -3*f = -2*h + 7255. What is the thousands digit of h?
3
Let m(j) be the second derivative of -3*j**3/2 + 17*j**2/2 - 24*j. What is the tens digit of m(-16)?
6
Let q = -27 + 26. What is the hundreds digit of (4/(-5))/(8/1420*q)?
1
Suppose 27002 = 7*f + 5883. What is the units digit of f?
7
What is the hundreds digit of 2548/21*(-1 + 4)?
3
Let c(t) = -t + 10. Let p be c(10). Let b = p - -6. What is the units digit of (-5)/15 + 344/b?
7
Suppose -3 = 8*y - 5*y. Let j(l) = -6*l**3 - l - 2. Let v be j(y). Suppose v*w - w = 16. What is the units digit of w?
4
Suppose -6*f + 1871 = 641. Suppose q - f = k, -q = -0*q + 5*k - 181. What is the tens digit of q?
0
Let c = -7 - -3. Let u(x) = 2*x + 27. Let n(j) = 2*j + 26. Let q(r) = c*u(r) + 5*n(r). What is the units digit of q(0)?
2
Let s be ((-1)/(-2))/((-7)/(-70)). Suppose 0 = s*n + 20 - 90. What is the tens digit of n?
1
Suppose t - 6 = -2*t. Suppose o = t*r - 2, -8 = 3*r + 4. Let c = 20 + o. What is the tens digit of c?
1
What is the units digit of (-2 - (7 + -106))*17?
9
Let o = 4 - 1. Let j(k) = 2*k - 5. Let a be j(4). Suppose 2*u + a*q = q + 56, o*u - 2*q = 84. What is the tens digit of u?
2
Let z(t) = -t**2 + 13*t + 5. Let y be z(-6). Let g = y + 158. What is the units digit of g?
9
Let f = 17 + -14. Suppose -2*v + 0*v + 5*n + 153 = 0, 0 = f*v - 2*n - 246. What is the tens digit of v?
8
Suppose 22 = -5*j + 222. Let y = j + 46. What is the units digit of y?
6
Let x(n) = -2*n - 1 + 0*n - 5. Let m be x(-7). Suppose v - z - 19 = 0, 1 = -v - 2*z + m. What is the units digit of v?
5
Suppose 290*b - 287*b = 144. What is the tens digit of b?
4
Suppose -6 = -j - 3. Suppose -2*r + 20 = 3*i, -11 + 44 = j*r + 3*i. Suppose u - r = -3*a + 26, a = 3*u + 13. What is the tens digit of a?
1
Let z be ((-144)/27)/(1/3). Let t be ((-18)/8)/(4/z). What is the units digit of 482/18 + 2/t?
7
What is the tens digit of 1/((-5)/110*(-8)/148)?
0
Suppose 0 = 2*h - s - 4*s - 5, 7 = h + 2*s. Suppose -o + 559 = 5*j, -2*j - h*o + 555 = 3*j. What is the tens digit of j?
1
Let u = -29 + 38. Let c = u - -4. What is the units digit of c?
3
Suppose 32 = -2*i + 5*s + 7, 25 = 5*s. Suppose -4*d + 39 + 17 = i. What is the tens digit of -1*(0 + (-1 - d))?
1
Let n be 1/4 - 65/20. Let f be 1 - -3 - (n - 0). Suppose 0 = y - f. What is the units digit of y?
7
Let b be (-2)/(-4)*(-4 + 6). Suppose 6 = -5*g + b. Let a = 12 - g. What is the tens digit of a?
1
Let t(b) = 116*b + 183. What is the hundreds digit of t(24)?
9
Let u(y) be the second derivative of y**5/10 - y**4/6 - y**3/2 + y**2/2 - 3*y. Let z be u(4). What is the tens digit of z/3 + 8/(-24)?
2
Suppose 0 = -l + 1 + 8. Let w = 22 - l. What is the tens digit of w?
1
What is the tens digit of 398/9 + (-11)/(396/8)?
4
Let i be (-800)/(-5) + 1 - 2. Suppose -i = -3*r - 39. Suppose -u + 27 = -a, -3*u + 105 = a + r. What is the tens digit of u?
2
Let g = 3974 + -2577. What is the tens digit of g?
9
Suppose 0 = -41*l + 37*l + 18736. What is the units digit of l?
4
Suppose 5*v = -r + 569, 5*v - 147 - 419 = -4*r. Suppose -5*h = 2*x - 178, 52 = 5*h - x - v. What is the tens digit of h?
3
Let k(z) = -2*z + 32. Let o be k(4). What is the tens digit of (-1)/((-1)/o) - -1?
2
Let v be (-504)/(-273) - 4/(-26). Let s be (v*-6)/(12/(-102)). What is the units digit of (-1)/(15/s)*-10?
8
What is the hundreds digit of 30/3*7722/45?
7
Suppose -11*d - 393 = -8. Let l = d - -61. What is the units digit of l?
6
Let f = -6352 - -11097. What is the tens digit of f?
4
Let n(v) be the first derivative of 1/2*v**2 + 50*v + 9 + 1/3*v**3. What is the units digit of n(0)?
0
Let p = 21 - 10. Let i = -6 + p. Suppose 4*j - 3*a + 15 = 5*j, 0 = -i*a - 10. What is the units digit of j?
1
Let y = 117 - -72. Let k be ((-12)/(-3))/(2 + -1). Suppose -4*i - 3*o + y = 0, k*o - 82 = -2*i - 0. What is the tens digit of i?
5
Let q = 4545 + -2069. What is the units digit of q?
6
Let n(m) = 6*m**2 - 32*m - 11. What is the units digit of n(16)?
3
Let w(l) = -l**2 + 5. Let j be w(0). Su